{"id":295,"date":"2021-07-20T15:36:52","date_gmt":"2021-07-20T13:36:52","guid":{"rendered":"https:\/\/macicatrice.fr\/?page_id=295"},"modified":"2021-09-28T11:47:57","modified_gmt":"2021-09-28T09:47:57","slug":"milan","status":"publish","type":"page","link":"https:\/\/macicatrice.fr\/?page_id=295","title":{"rendered":"Mil\u00e0n"},"content":{"rendered":"\n<figure class=\"wp-block-image size-large\"><img loading=\"lazy\" width=\"1024\" height=\"1024\" src=\"https:\/\/macicatrice.fr\/wp-content\/uploads\/2021\/07\/MILAN-1024x1024.jpg\" alt=\"\" class=\"wp-image-246\" srcset=\"https:\/\/macicatrice.fr\/wp-content\/uploads\/2021\/07\/MILAN-1024x1024.jpg 1024w, https:\/\/macicatrice.fr\/wp-content\/uploads\/2021\/07\/MILAN-300x300.jpg 300w, https:\/\/macicatrice.fr\/wp-content\/uploads\/2021\/07\/MILAN-150x150.jpg 150w, https:\/\/macicatrice.fr\/wp-content\/uploads\/2021\/07\/MILAN-768x768.jpg 768w, https:\/\/macicatrice.fr\/wp-content\/uploads\/2021\/07\/MILAN-1536x1536.jpg 1536w, https:\/\/macicatrice.fr\/wp-content\/uploads\/2021\/07\/MILAN.jpg 2048w, https:\/\/macicatrice.fr\/wp-content\/uploads\/2021\/07\/MILAN-640x640.jpg 640w, https:\/\/macicatrice.fr\/wp-content\/uploads\/2021\/07\/MILAN-50x50.jpg 50w\" sizes=\"(max-width: 1024px) 100vw, 1024px\" \/><\/figure>\n\n\n\n<font face=\"Montserrat\" color=\"#ffffff\" size=\"4\">\nC\u2019est Mil\u00e0n qui avait 11 mois lors du shooting maintenant il a 2 ans. Il est n\u00e9 \u00e0 Grenoble le 16 ao\u00fbt 2018 avec une transposition des gros vaisseaux, grosse CIV (Communication Interventriculaire) et fuite de la valve tricuspide suivi d\u00e8s la naissance par le grand Dr Blaysat cardiop\u00e9diatre \u00e0 l\u2019h\u00f4pital de la Tronche. <br>\nIl a subi 2 grosses op\u00e9rations \u00e0 c\u0153ur ouvert \u00e0 l\u2019h\u00f4pital Necker \u00e0 Paris \u00e0 21 jours en septembre 2018 puis \u00e0 19 mois en avril 2020 qui se sont tr\u00e8s bien pass\u00e9es. M\u00eame beaucoup mieux que pr\u00e9vu merci infiniment au Professeur Raisky qui a pos\u00e9 ses mains en or sur notre fils, Mil\u00e0n p\u00e8te la forme c\u2019est un petit gar\u00e7on plein de vie et plein de malices aussi. <br>\nSa cicatrice est toujours aussi belle d\u2019ailleurs pour la d\u00e9finir en un mot ou deux m\u00eame je dirais qu\u2019elle sera la preuve de son courage et de sa force tout au long de sa vie.\n\n<\/font>\n","protected":false},"excerpt":{"rendered":"<p>C\u2019est Mil\u00e0n qui avait 11 mois lors du shooting maintenant il a 2 ans. Il est n\u00e9 \u00e0 Grenoble le<span class=\"more-button\"><a href=\"https:\/\/macicatrice.fr\/?page_id=295\" class=\"more-link\">Continue reading<span class=\"screen-reader-text\">Mil\u00e0n<\/span><\/a><\/span><\/p>\n","protected":false},"author":1,"featured_media":0,"parent":0,"menu_order":0,"comment_status":"closed","ping_status":"closed","template":"","meta":[],"_links":{"self":[{"href":"https:\/\/macicatrice.fr\/index.php?rest_route=\/wp\/v2\/pages\/295"}],"collection":[{"href":"https:\/\/macicatrice.fr\/index.php?rest_route=\/wp\/v2\/pages"}],"about":[{"href":"https:\/\/macicatrice.fr\/index.php?rest_route=\/wp\/v2\/types\/page"}],"author":[{"embeddable":true,"href":"https:\/\/macicatrice.fr\/index.php?rest_route=\/wp\/v2\/users\/1"}],"replies":[{"embeddable":true,"href":"https:\/\/macicatrice.fr\/index.php?rest_route=%2Fwp%2Fv2%2Fcomments&post=295"}],"version-history":[{"count":3,"href":"https:\/\/macicatrice.fr\/index.php?rest_route=\/wp\/v2\/pages\/295\/revisions"}],"predecessor-version":[{"id":643,"href":"https:\/\/macicatrice.fr\/index.php?rest_route=\/wp\/v2\/pages\/295\/revisions\/643"}],"wp:attachment":[{"href":"https:\/\/macicatrice.fr\/index.php?rest_route=%2Fwp%2Fv2%2Fmedia&parent=295"}],"curies":[{"name":"wp","href":"https:\/\/api.w.org\/{rel}","templated":true}]}}