{"id":297,"date":"2021-07-20T15:37:27","date_gmt":"2021-07-20T13:37:27","guid":{"rendered":"https:\/\/macicatrice.fr\/?page_id=297"},"modified":"2021-09-28T11:37:56","modified_gmt":"2021-09-28T09:37:56","slug":"edouard","status":"publish","type":"page","link":"https:\/\/macicatrice.fr\/?page_id=297","title":{"rendered":"Edouard"},"content":{"rendered":"\n<figure class=\"wp-block-image size-large\"><img loading=\"lazy\" width=\"1024\" height=\"1024\" src=\"https:\/\/macicatrice.fr\/wp-content\/uploads\/2021\/07\/EDOUARD-1024x1024.jpg\" alt=\"\" class=\"wp-image-222\" srcset=\"https:\/\/macicatrice.fr\/wp-content\/uploads\/2021\/07\/EDOUARD-1024x1024.jpg 1024w, https:\/\/macicatrice.fr\/wp-content\/uploads\/2021\/07\/EDOUARD-300x300.jpg 300w, https:\/\/macicatrice.fr\/wp-content\/uploads\/2021\/07\/EDOUARD-150x150.jpg 150w, https:\/\/macicatrice.fr\/wp-content\/uploads\/2021\/07\/EDOUARD-768x768.jpg 768w, https:\/\/macicatrice.fr\/wp-content\/uploads\/2021\/07\/EDOUARD-1536x1536.jpg 1536w, https:\/\/macicatrice.fr\/wp-content\/uploads\/2021\/07\/EDOUARD.jpg 2048w, https:\/\/macicatrice.fr\/wp-content\/uploads\/2021\/07\/EDOUARD-640x640.jpg 640w, https:\/\/macicatrice.fr\/wp-content\/uploads\/2021\/07\/EDOUARD-50x50.jpg 50w\" sizes=\"(max-width: 1024px) 100vw, 1024px\" \/><\/figure>\n\n\n\n<font face=\"Montserrat\" color=\"#ffffff\" size=\"4\">\nJe m\u2019appelle Edouard. J\u2019ai neuf ans en cette ann\u00e9e 2020. Je suis passionn\u00e9 par les animaux, le dessin, la science, la mythologie et je joue du saxophone. \n<br><br>\nJ\u2019avais 2 ans quand on a d\u00e9couvert ma st\u00e9nose aortique, je me souviens du bloc op\u00e9ratoire et du masque. Mon op\u00e9ration a super bien r\u00e9ussi gr\u00e2ce au professeur L\u00e9obon et maintenant je vais tr\u00e8s bien, je rends visite au professeur Acar tous les ans et j\u2019aime bien ce rendez-vous car les infirmi\u00e8res sont vraiment sympas et dr\u00f4les ! <br>\nAujourd\u2019hui je peux vivre comme les autres enfants et faire tous les sports que je veux\u2026 m\u00eame si je pr\u00e9f\u00e8re lire\u2026\n<br><br>\n<b>Ma cicatrice en un mot : Kintsugi\n<\/b>\n<\/font>\n","protected":false},"excerpt":{"rendered":"<p>Je m\u2019appelle Edouard. J\u2019ai neuf ans en cette ann\u00e9e 2020. Je suis passionn\u00e9 par les animaux, le dessin, la science,<span class=\"more-button\"><a href=\"https:\/\/macicatrice.fr\/?page_id=297\" class=\"more-link\">Continue reading<span class=\"screen-reader-text\">Edouard<\/span><\/a><\/span><\/p>\n","protected":false},"author":1,"featured_media":0,"parent":0,"menu_order":0,"comment_status":"closed","ping_status":"closed","template":"","meta":[],"_links":{"self":[{"href":"https:\/\/macicatrice.fr\/index.php?rest_route=\/wp\/v2\/pages\/297"}],"collection":[{"href":"https:\/\/macicatrice.fr\/index.php?rest_route=\/wp\/v2\/pages"}],"about":[{"href":"https:\/\/macicatrice.fr\/index.php?rest_route=\/wp\/v2\/types\/page"}],"author":[{"embeddable":true,"href":"https:\/\/macicatrice.fr\/index.php?rest_route=\/wp\/v2\/users\/1"}],"replies":[{"embeddable":true,"href":"https:\/\/macicatrice.fr\/index.php?rest_route=%2Fwp%2Fv2%2Fcomments&post=297"}],"version-history":[{"count":3,"href":"https:\/\/macicatrice.fr\/index.php?rest_route=\/wp\/v2\/pages\/297\/revisions"}],"predecessor-version":[{"id":636,"href":"https:\/\/macicatrice.fr\/index.php?rest_route=\/wp\/v2\/pages\/297\/revisions\/636"}],"wp:attachment":[{"href":"https:\/\/macicatrice.fr\/index.php?rest_route=%2Fwp%2Fv2%2Fmedia&parent=297"}],"curies":[{"name":"wp","href":"https:\/\/api.w.org\/{rel}","templated":true}]}}

<figure class="wp-block-image size-large"><img loading="lazy" width="1024" height="1024" src="https://macicatrice.fr/wp-content/uploads/2021/07/EDOUARD-1024x1024.jpg" alt="" class="wp-image-222" srcset="https://macicatrice.fr/wp-content/uploads/2021/07/EDOUARD-1024x1024.jpg 1024w, https://macicatrice.fr/wp-content/uploads/2021/07/EDOUARD-300x300.jpg 300w, https://macicatrice.fr/wp-content/uploads/2021/07/EDOUARD-150x150.jpg 150w, https://macicatrice.fr/wp-content/uploads/2021/07/EDOUARD-768x768.jpg 768w, https://macicatrice.fr/wp-content/uploads/2021/07/EDOUARD-1536x1536.jpg 1536w, https://macicatrice.fr/wp-content/uploads/2021/07/EDOUARD.jpg 2048w, https://macicatrice.fr/wp-content/uploads/2021/07/EDOUARD-640x640.jpg 640w, https://macicatrice.fr/wp-content/uploads/2021/07/EDOUARD-50x50.jpg 50w" sizes="(max-width: 1024px) 100vw, 1024px" /></figure>



<font face="Montserrat" color="#ffffff" size="4">
Je m’appelle Edouard. J’ai neuf ans en cette année 2020. Je suis passionné par les animaux, le dessin, la science, la mythologie et je joue du saxophone. 
<br><br>
J’avais 2 ans quand on a découvert ma sténose aortique, je me souviens du bloc opératoire et du masque. Mon opération a super bien réussi grâce au professeur Léobon et maintenant je vais très bien, je rends visite au professeur Acar tous les ans et j’aime bien ce rendez-vous car les infirmières sont vraiment sympas et drôles ! <br>
Aujourd’hui je peux vivre comme les autres enfants et faire tous les sports que je veux… même si je préfère lire…
<br><br>
<b>Ma cicatrice en un mot : Kintsugi
</b>
</font>

<p>Je m’appelle Edouard. J’ai neuf ans en cette année 2020. Je suis passionné par les animaux, le dessin, la science,<span class="more-button"><a href="https://macicatrice.fr/?page_id=297" class="more-link">Continue reading<span class="screen-reader-text">Edouard</span></a></span></p>
