{"id":312,"date":"2021-07-20T15:42:13","date_gmt":"2021-07-20T13:42:13","guid":{"rendered":"https:\/\/macicatrice.fr\/?page_id=312"},"modified":"2021-09-28T11:34:40","modified_gmt":"2021-09-28T09:34:40","slug":"camille","status":"publish","type":"page","link":"https:\/\/macicatrice.fr\/?page_id=312","title":{"rendered":"Camille"},"content":{"rendered":"\n<figure class=\"wp-block-image size-large\"><img loading=\"lazy\" width=\"1024\" height=\"1024\" src=\"https:\/\/macicatrice.fr\/wp-content\/uploads\/2021\/05\/Camille-1024x1024.jpg\" alt=\"\" class=\"wp-image-68\" srcset=\"https:\/\/macicatrice.fr\/wp-content\/uploads\/2021\/05\/Camille-1024x1024.jpg 1024w, https:\/\/macicatrice.fr\/wp-content\/uploads\/2021\/05\/Camille-300x300.jpg 300w, https:\/\/macicatrice.fr\/wp-content\/uploads\/2021\/05\/Camille-150x150.jpg 150w, https:\/\/macicatrice.fr\/wp-content\/uploads\/2021\/05\/Camille-768x768.jpg 768w, https:\/\/macicatrice.fr\/wp-content\/uploads\/2021\/05\/Camille-1536x1536.jpg 1536w, https:\/\/macicatrice.fr\/wp-content\/uploads\/2021\/05\/Camille.jpg 2048w, https:\/\/macicatrice.fr\/wp-content\/uploads\/2021\/05\/Camille-640x640.jpg 640w, https:\/\/macicatrice.fr\/wp-content\/uploads\/2021\/05\/Camille-50x50.jpg 50w\" sizes=\"(max-width: 1024px) 100vw, 1024px\" \/><\/figure>\n\n\n\n<font face=\"Montserrat\" color=\"#ffffff\" size=\"4\">\nJe suis Camille j\u2019ai 32 ans. J\u2019habite \u00e0 Troyes et je suis conseill\u00e8re en cosm\u00e9tique.\n<br><br>\nJe suis n\u00e9e avec une cardiopathie cong\u00e9nitale, les m\u00e9decins l\u2019ont d\u00e9tect\u00e9e \u00e0 ma naissance. Je n\u2019ai qu\u2019un ventricule et qu\u2019une oreillette. J\u2019ai \u00e9t\u00e9 op\u00e9r\u00e9e 3 fois, la derni\u00e8re op\u00e9ration \u00e9tait-il y\u2019a 6 ans. \n<br><br>\n<b>Ma cicatrice en un mot : COMBAT\n<\/b><br>\nCamille <br>\n32 ans <br>\n3 op\u00e9rations<br>\n<\/font>\n","protected":false},"excerpt":{"rendered":"<p>Je suis Camille j\u2019ai 32 ans. J\u2019habite \u00e0 Troyes et je suis conseill\u00e8re en cosm\u00e9tique. Je suis n\u00e9e avec une<span class=\"more-button\"><a href=\"https:\/\/macicatrice.fr\/?page_id=312\" class=\"more-link\">Continue reading<span class=\"screen-reader-text\">Camille<\/span><\/a><\/span><\/p>\n","protected":false},"author":1,"featured_media":0,"parent":0,"menu_order":0,"comment_status":"closed","ping_status":"closed","template":"","meta":[],"_links":{"self":[{"href":"https:\/\/macicatrice.fr\/index.php?rest_route=\/wp\/v2\/pages\/312"}],"collection":[{"href":"https:\/\/macicatrice.fr\/index.php?rest_route=\/wp\/v2\/pages"}],"about":[{"href":"https:\/\/macicatrice.fr\/index.php?rest_route=\/wp\/v2\/types\/page"}],"author":[{"embeddable":true,"href":"https:\/\/macicatrice.fr\/index.php?rest_route=\/wp\/v2\/users\/1"}],"replies":[{"embeddable":true,"href":"https:\/\/macicatrice.fr\/index.php?rest_route=%2Fwp%2Fv2%2Fcomments&post=312"}],"version-history":[{"count":4,"href":"https:\/\/macicatrice.fr\/index.php?rest_route=\/wp\/v2\/pages\/312\/revisions"}],"predecessor-version":[{"id":633,"href":"https:\/\/macicatrice.fr\/index.php?rest_route=\/wp\/v2\/pages\/312\/revisions\/633"}],"wp:attachment":[{"href":"https:\/\/macicatrice.fr\/index.php?rest_route=%2Fwp%2Fv2%2Fmedia&parent=312"}],"curies":[{"name":"wp","href":"https:\/\/api.w.org\/{rel}","templated":true}]}}